se -5*q - 20 = p, 3*y + 4*q + 9 = 26. Does 11 divide y?
True
Let v(g) be the third derivative of g**4/4 - 3*g**3/2 + 28*g**2. Is v(5) a multiple of 4?
False
Suppose -4*t - 12 = -z, -5*z + t = -0*t + 35. Suppose 3*y - 37 = -2*s, s + 5*y - 15 = -0*s. Does 11 divide (88/(-10))/(z/s)?
True
Let u = 7 + -1. Suppose -2*l + 30 = 5*a, a = -u*l + 4*l + 14. Suppose -a*c = -5*c + 8. Is 4 a factor of c?
True
Is (-174 + -3)/((-1)/6) a multiple of 59?
True
Let g be (-2)/(-10) + (-84)/20. Let z(o) = o**3 + 6*o**2 + 7*o + 8. Does 7 divide z(g)?
False
Let k = -102 - -205. Let s = 55 - k. Is 7 a factor of (-25)/2*s/20?
False
Let a(j) be the second derivative of -j**4/8 - 2*j**3 + j**2 - 3*j. Let f(y) be the first derivative of a(y). Does 17 divide f(-12)?
False
Suppose 0*z - 381 = -3*z. Let j = -64 + z. Suppose 5*f + 71 = 3*o + 20, 5*o - f - j = 0. Does 4 divide o?
True
Let k be (38/1)/((-6)/(-3)). Suppose -a + k = -61. Suppose -a = 5*v - 7*v. Is 10 a factor of v?
True
Suppose 2*c + 5*d - 1037 = 0, 5*c - 5*d - 115 = 2565. Is c a multiple of 35?
False
Let m(c) be the second derivative of -c**3 + 3*c**2/2 - 7*c. Let s(q) = 7*q - 4. Let y(w) = -6*m(w) - 4*s(w). Is 14 a factor of y(5)?
False
Does 19 divide (0 + -76)/(4/((-32)/8))?
True
Suppose -g - 7 = -4*v + 9, 4*g = -v - 13. Let t be 1 + 3 + -2 + 70. Suppose -v*q = -t - 117. Is 21 a factor of q?
True
Suppose -5*r + 45 = 4*i, 4*i = 9*i - r - 49. Suppose 0 = -5*o - 0*o + i. Suppose -f - 26 = -3*b, -2*b - o*f = -6*f - 4. Is b a multiple of 8?
False
Suppose 20*j = 1751 + 11229. Does 16 divide j?
False
Let m be 1 + 3/((-18)/(-6078)). Suppose 25*t - 31*t + m = 0. Is 13 a factor of t?
True
Suppose -w + 461 = 314. Is 21 a factor of w?
True
Suppose 0 = -5*x + 25, 5*c + 3*x - 1045 = 4*x. Let q be (-78)/9 + 4/6. Does 16 divide (q/16)/((-1)/c)?
False
Suppose -3*l + 300 = j, j - 94 = -4*l + 307. Does 10 divide l?
False
Is ((-6492)/5)/(-6) + 2/(-5) a multiple of 6?
True
Suppose -5*d + 2*d = 12. Let p be d + (-5)/(20/(-284)). Suppose 4*x - p - 5 = 0. Is x a multiple of 18?
True
Let q = -222 - -317. Suppose -3*j = -4*y - 0*j - q, 71 = -3*y + 2*j. Let c = y - -35. Is c a multiple of 12?
True
Suppose -a + 6*a - 10 = -2*z, 0 = -z. Suppose -q = 4*v - 50, -v - v + a*q + 20 = 0. Is v a multiple of 2?
True
Suppose -1662 = -3*u - 4*c, 2*u = -0*u + c + 1097. Is u a multiple of 28?
False
Suppose -5*g + 4 = 4*y - 3*g, 5*g + 14 = 2*y. Suppose 5*c = 2*k - 56, -4*c = -y*c + 8. Is 6 a factor of k?
True
Suppose 4*j - 695 = 657. Is 13 a factor of j?
True
Let l(g) = -g**3 - 8*g**2 - 7*g + 5. Let x be l(-7). Let a = x + -6. Is (-37)/a - (0 + 3) a multiple of 17?
True
Let t(j) = j**3 - 17*j**2 + 16*j. Let i be t(16). Suppose i = -a - 4*a + 110. Suppose -a = -n - 1. Is n a multiple of 7?
True
Let d = -729 - -1521. Is d a multiple of 36?
True
Suppose y = 9*y + 8. Let r = y + 4. Does 2 divide r?
False
Let y = 12 + -9. Suppose 3*d = -4*m + 270, m = y*d - 94 - 176. Is 18 a factor of d?
True
Suppose 43357 = 28*l + 12053. Is 6 a factor of l?
False
Suppose -11*c = -35*c + 20112. Is 4 a factor of c?
False
Let u = 613 + -276. Let g = -202 + u. Is g a multiple of 27?
True
Is 29 a factor of (377 - -52) + 1 + 5?
True
Let w = 3370 + -1824. Is w a multiple of 32?
False
Let s be (-1)/(-2)*-6*-1. Let w = 1 + -3. Is 8 a factor of s - (w - -3) - -14?
True
Suppose -135 = -5*h - z + 3*z, -3*z - 115 = -4*h. Suppose -3*b + 23 = -h. Is b a multiple of 8?
True
Suppose 5*q - q = 40. Suppose -b + q = -4*x, 2*b + 3 = 2*x - 1. Let p = b + 18. Is 4 a factor of p?
True
Let s(v) = 68*v - 94. Is s(23) a multiple of 30?
True
Let t(s) = s**3 + 9*s**2 + 12*s. Let l = 53 + -60. Is 2 a factor of t(l)?
True
Suppose -3*z + 756 = 45. Let g = z - 165. Is 9 a factor of g?
True
Suppose 2*o + z - 8 = 0, 2*o - 7*o = -z - 27. Suppose 0 = o*l + 10, 0 = 2*n - 3*n - 2*l + 9. Does 13 divide n?
True
Let m(h) = h**3 - h**2 + 5*h + 63. Is 63 a factor of m(9)?
True
Let u(j) = 509*j**3 + 2*j**2 - 5*j + 5. Is 36 a factor of u(1)?
False
Suppose 2013 = 12*u - 9*u. Does 10 divide u?
False
Let g = 2 + -3. Let z be 462/(-3)*g/2. Suppose -z = -2*a - 23. Is 17 a factor of a?
False
Suppose -13 = b - 30. Let o = b - 6. Suppose -5*f + 2 = u, -3*u = 2*f - 21 - o. Does 6 divide u?
True
Let x(b) be the first derivative of -b**2/2 + 9*b - 6. Let p be x(6). Is 53 + -2 + p + 0 a multiple of 18?
True
Let u = 309 - 161. Is 15 a factor of u?
False
Suppose 2*d - 2*y - 264 = 0, -5*d + y + 3*y = -663. Does 9 divide d?
True
Suppose -s - 75 = 3*v, -v - 87 = s - 2*v. Let h be (49/3)/(7/(-21)). Let k = h - s. Does 12 divide k?
False
Suppose 183*y - 179*y = 5*k + 964, 0 = -3*y - 3*k + 723. Is y a multiple of 7?
False
Let p be ((1 - -1)/(-4))/(2/24). Let z(a) = -18*a - 8. Does 37 divide z(p)?
False
Let s = 78 + -81. Let z(u) = -4*u**3 - 2*u**2 + 7*u + 4. Does 15 divide z(s)?
False
Does 2 divide -2*4/(-2)*8?
True
Let j(d) = -d**3 - 2*d**2 + 5*d - 2. Let z be j(-5). Suppose 0 = -2*f + 276 - z. Suppose 3*c + 0*c = f. Is 12 a factor of c?
False
Let y(w) be the first derivative of 3*w**2/2 - 13*w + 2. Let q be y(14). Suppose -2*m - 5*i + 1 = 0, -2*m = -3*i + 4 - q. Is 7 a factor of m?
False
Let x be 1 + (1 + 246/(-4))*-2. Suppose x = 3*f - 58. Is f a multiple of 10?
True
Let r(q) = -2*q**3 + 92*q**2 + 100*q + 29. Does 3 divide r(47)?
False
Let v(j) = j**2 - 4*j + 3. Let x be v(3). Suppose -d - 15 = -3*m, -2*d - 5*m + 20 - 6 = x. Does 6 divide -3*1/d + 11?
True
Let c be (-12)/24 - (-46)/(-4). Let y(u) = u**3 + 13*u**2 + 9. Is y(c) a multiple of 32?
False
Suppose 4*z = u - 9, -z = 2*z. Let f = 11 - u. Is 3 a factor of 3/f*130/39?
False
Let m = -18 + 24. Suppose 3*y - 14 = -4*n, 0 = m*y - 3*y - 6. Suppose -24 = -n*p - 4*a, -2*a + 54 = 5*p + 2*a. Is p a multiple of 3?
False
Suppose 5*z - 10 = 0, -b + 4324 = -0*z + 6*z. Is b a multiple of 88?
True
Suppose 2*j + 3*c - 15 = 0, 6*c = 2*c + 20. Suppose 28 = x + 3*t, -x + j*t = -5*t + 4. Does 16 divide x?
True
Suppose 0 = 8*h - 4*h + 36. Let p = h + 14. Suppose -p*y + 151 = 4*b, -y - y = -2*b - 46. Does 9 divide y?
True
Suppose -r = 8*r - 1980. Does 11 divide r?
True
Does 3 divide (-33 - 530)/(-2*2/4)?
False
Suppose -6*j + 6552 = 18*j. Is 13 a factor of j?
True
Let f(h) = 2*h**2 + 13*h + 2. Let a be f(-5). Let p(r) = 11*r + 4. Let k be p(3). Let t = k + a. Is 24 a factor of t?
True
Let u(o) = o**2 - o + 1. Let g(k) = -k**3 - 11*k**2 - 4*k - 4. Let y(l) = -g(l) - 2*u(l). Does 15 divide y(-7)?
False
Suppose -17*t + 854 = -642. Is 8 a factor of t?
True
Let k(l) be the second derivative of 3*l**5/20 - l**4/4 - l**3/2 + l**2 + l. Let q = 1336 + -1333. Is 16 a factor of k(q)?
False
Let r be 18/(-99) - ((-888)/(-22))/(-2). Let t(v) = v**3 + 6*v**2 + 6*v + 5. Let k be t(-5). Suppose -s + r = -k*s. Is s a multiple of 20?
True
Let c(z) = -3*z**2 - 3*z - 3. Let h be c(-5). Let q = h - -118. Let w = q + -35. Does 9 divide w?
False
Is 142*((-96)/(-14) - (-5)/35) a multiple of 14?
True
Let k(w) = 6*w. Let l be k(-1). Let i = l - -10. Suppose -i*f = -13 - 51. Is f a multiple of 8?
True
Suppose 18 = -9*r + 99. Suppose r*m = 10*m - 54. Is m a multiple of 8?
False
Let r(h) = h**3 - 4*h**2 - 2*h - 1. Suppose 2*l + 14 = -26. Let a be ((-9)/(-6))/((-6)/l). Does 4 divide r(a)?
False
Suppose -10*d + 29 = -11*d. Is (15 + d)*((-18)/4 - 1) a multiple of 7?
True
Let g = 138 + -94. Let b = 93 - g. Suppose -b + 5 = -2*m. Is 22 a factor of m?
True
Is 12 a factor of (374/85)/((-4)/(-290))?
False
Let f = -280 + 458. Is f a multiple of 35?
False
Suppose 0 = -4*m + 3*p + 1280, 5*m - 731 = 2*p + 876. Does 17 divide m?
True
Let i = 2592 - -75. Is 13 a factor of i?
False
Let n be ((-10)/(-35))/(1/7). Suppose -n*g = -4*j + 19 - 153, 2*j = 4*g - 256. Is 9 a factor of g?
True
Let z(o) = o + 12. Let f(g) = 2*g + 23. Let b(q) = -2*f(q) + 5*z(q). Let p be b(10). Does 7 divide p/(-32) - 83/(-4)?
False
Let g = -16 + 20. Suppose -4*s + 0*s = -g. Does 6 divide (-8 - s)*136/(-51)?
True
Let a be ((-4)/4)/(1/2). Let q be -1*(-1)/(a/(-6)). Suppose -8*u + q*u = -135. Is 7 a factor of u?
False
Suppose -115*k = -163*k + 14688. Is k a multiple of 6?
True
Let s(r) = -r**2 - 9*r - 9. Let c be s(-7). Suppose 15*j + 144 = 18*j. Suppose -4*l = b - 32, -c*l - 5*b = -l - j. Is 7 a factor of l?
True
Is 7 a factor of (-5535)/(-15)*(-42)/(-18)?
True
Let o(